st the prime factors of 2824931.
97, 29123
What are the prime factors of 1296042?
2, 3, 11, 73, 269
What are the prime factors of 23832644?
2, 11, 41, 1201
What are the prime factors of 148876?
2, 7, 13, 409
What are the prime factors of 275663?
181, 1523
List the prime factors of 534882.
2, 3, 239, 373
List the prime factors of 12904383.
3, 4301461
What are the prime factors of 2176797?
3, 7, 103657
List the prime factors of 6289794.
2, 3, 7, 49919
List the prime factors of 170567.
281, 607
List the prime factors of 9567558.
2, 3, 7, 11, 13, 59
What are the prime factors of 254078?
2, 11, 11549
List the prime factors of 261842.
2, 7, 59, 317
What are the prime factors of 726812?
2, 109, 1667
List the prime factors of 354907.
7, 7243
What are the prime factors of 594404?
2, 181, 821
List the prime factors of 25783280.
2, 5, 101, 3191
What are the prime factors of 6434423?
439, 14657
What are the prime factors of 6686634?
2, 3, 233, 4783
What are the prime factors of 2244146?
2, 167, 6719
List the prime factors of 2022058.
2, 1011029
What are the prime factors of 307659?
3, 11, 9323
List the prime factors of 11144062.
2, 29, 271, 709
What are the prime factors of 11970899?
43, 278393
What are the prime factors of 1040145?
3, 5, 17, 4079
What are the prime factors of 12550209?
3, 7, 353, 1693
What are the prime factors of 38264?
2, 4783
List the prime factors of 1255150.
2, 5, 13, 1931
List the prime factors of 8784714.
2, 3, 137, 10687
List the prime factors of 820470.
2, 3, 5, 7, 3907
What are the prime factors of 1100300?
2, 5, 11003
List the prime factors of 1047375.
3, 5, 7, 19
List the prime factors of 573103.
313, 1831
What are the prime factors of 2447329?
2447329
What are the prime factors of 18163051?
433, 41947
What are the prime factors of 1519226?
2, 271, 2803
What are the prime factors of 670026?
2, 3, 7, 43, 53
List the prime factors of 826678.
2, 103, 4013
List the prime factors of 4389807.
3, 1123, 1303
List the prime factors of 870056.
2, 11, 9887
List the prime factors of 23264252.
2, 11, 223, 2371
What are the prime factors of 62395?
5, 12479
List the prime factors of 278197.
29, 53, 181
List the prime factors of 2482760.
2, 5, 7, 8867
What are the prime factors of 350361?
3, 11, 3539
List the prime factors of 381086.
2, 190543
List the prime factors of 660671.
11, 17, 3533
List the prime factors of 747172.
2, 186793
List the prime factors of 2631615.
3, 5, 7, 71, 353
What are the prime factors of 1192812?
2, 3, 99401
List the prime factors of 4694517.
3, 19319
List the prime factors of 9929939.
9929939
What are the prime factors of 1075133?
1075133
List the prime factors of 5545491.
3, 7, 264071
What are the prime factors of 458960?
2, 5, 5737
What are the prime factors of 273145?
5, 54629
List the prime factors of 15952346.
2, 7976173
List the prime factors of 209742.
2, 3, 13, 2689
What are the prime factors of 10571730?
2, 3, 5, 13, 27107
List the prime factors of 25225042.
2, 17, 741913
What are the prime factors of 367252?
2, 91813
List the prime factors of 3133827.
3, 29, 12007
What are the prime factors of 21528476?
2, 5382119
List the prime factors of 35694.
2, 3, 661
List the prime factors of 102112.
2, 3191
What are the prime factors of 475421?
475421
What are the prime factors of 214507?
214507
List the prime factors of 758685.
3, 5, 37, 1367
List the prime factors of 63236.
2, 15809
What are the prime factors of 227391?
3, 75797
List the prime factors of 216590.
2, 5, 11, 179
What are the prime factors of 186993?
3, 79, 263
What are the prime factors of 8962528?
2, 19, 14741
List the prime factors of 134701.
7, 2749
What are the prime factors of 3072433?
7, 13, 19, 1777
What are the prime factors of 7133664?
2, 3, 19, 3911
What are the prime factors of 4955553?
3, 53, 3463
List the prime factors of 1746994.
2, 873497
List the prime factors of 19305.
3, 5, 11, 13
What are the prime factors of 178147?
29, 6143
What are the prime factors of 2115693?
3, 127, 617
What are the prime factors of 33997021?
89, 381989
List the prime factors of 3645480.
2, 3, 5, 17, 1787
What are the prime factors of 2815814?
2, 103, 13669
What are the prime factors of 9311989?
9311989
List the prime factors of 494136.
2, 3, 6863
List the prime factors of 270207.
3, 7, 4289
List the prime factors of 438376.
2, 37, 1481
List the prime factors of 41082878.
2, 383, 53633
What are the prime factors of 90796?
2, 22699
List the prime factors of 2570247.
3, 17, 107, 157
What are the prime factors of 4028695?
5, 11, 6659
What are the prime factors of 32010729?
3, 10670243
List the prime factors of 21585561.
3, 83, 86689
List the prime factors of 130680.
2, 3, 5, 11
List the prime factors of 187771.
179, 1049
List the prime factors of 7093380.
2, 3, 5, 7, 16889
List the prime factors of 1938882.
2, 3, 11, 29, 1013
List the prime factors of 8470841.
8470841
What are the prime factors of 1461377?
61, 23957
What are the prime factors of 277464?
2, 3, 11, 1051
List the prime factors of 9422507.
919, 10253
List the prime factors of 182312.
2, 13, 1753
What are the prime factors of 25591948?
2, 409, 15643
List the prime factors of 15269742.
2, 3, 282773
List the prime factors of 695186.
2, 193, 1801
List the prime factors of 20779861.
1879, 11059
What are the prime factors of 255655?
5, 51131
What are the prime factors of 2348188?
2, 29, 31, 653
List the prime factors of 596052.
2, 3, 5519
List the prime factors of 1453079.
109, 13331
List the prime factors of 6052072.
2, 13, 58193
List the prime factors of 2023430.
2, 5, 202343
What are the prime factors of 383602?
2, 191801
List the prime factors of 359242.
2, 13, 41, 337
List the prime factors of 619964.
2, 154991
What are the prime factors of 1373716?
2, 47, 7307
What are the prime factors of 254755?
5, 50951
What are the prime factors of 9421246?
2, 4710623
List the prime factors of 140289.
3, 101, 463
What are the prime factors of 67146?
2, 3, 19, 31
What are the prime factors of 189302?
2, 94651
What are the prime factors of 324991?
324991
List the prime factors of 6858620.
2, 5, 19, 18049
List the prime factors of 98470.
2, 5, 43, 229
List the prime factors of 871660.
2, 5, 41, 1063
What are the prime factors of 2185182?
2, 3, 73, 1663
List the prime factors of 5750091.
3, 29, 22031
List the prime factors of 1527544.
2, 79, 2417
List the prime factors of 3830344.
2, 7, 68399
List the prime factors of 5068863.
3, 137, 4111
What are the prime factors of 351675?
3, 5, 521
List the prime factors of 83506.
2, 43, 971
What are the prime factors of 4370350?
2, 5, 87407
What are the prime factors of 6146492?
2, 11, 29, 4817
What are the prime factors of 76634?
2, 38317
List the prime factors of 260132.
2, 65033
List the prime factors of 23434745.
5, 53, 191, 463
What are the prime factors of 3511933?
157, 22369
List the prime factors of 496845.
3, 5, 61, 181
List the prime factors of 6720720.
2, 3, 5, 41, 683
What are the prime factors of 16121163?
3, 5373721
What are the prime factors of 3779119?
19, 198901
List the prime factors of 1249273.
1249273
List the prime factors of 798324.
2, 3, 71, 937
List the prime factors of 1249752.
2, 3, 7, 43, 173
List the prime factors of 145326.
2, 3, 53, 457
List the prime factors of 295966.
2, 11, 1223
List the prime factors of 308965.
5, 61, 1013
What are the prime factors of 384768?
2, 3, 167
What are the prime factors of 90190?
2, 5, 29, 311
What are the prime factors of 10259589?
3, 3419863
List the prime factors of 1559630.
2, 5, 23, 6781
What are the prime factors of 616365?
3, 5, 13697
List the prime factors of 63530.
2, 5, 6353
What are the prime factors of 2566082?
2, 17, 71, 1063
List the prime factors of 1397499.
3, 465833
What are the prime factors of 827068?
2, 11, 18797
What are the prime factors of 43323778?
2, 3203, 6763
What are the prime factors of 262027?
262027
List the prime factors of 75454.
2, 31, 1217
List the prime factors of 8543542.
2, 7, 87179
List the prime factors of 63929.
63929
List the prime factors of 12627239.
59, 214021
List the prime factors of 3506872.
2, 557, 787
List the prime factors of 281741.
17, 16573
What are the prime factors of 497031?
3, 29, 197
What are the prime factors of 1232386?
2, 23, 73, 367
What are the pri